{"id":324,"date":"2025-08-08T21:06:24","date_gmt":"2025-08-08T19:06:24","guid":{"rendered":"https:\/\/oraarena.hu\/?post_type=product&#038;p=324"},"modified":"2025-08-29T17:18:50","modified_gmt":"2025-08-29T15:18:50","slug":"casio-edifice-karora-ora-webshop-2","status":"publish","type":"product","link":"https:\/\/oraarena.hu\/index.php\/termek\/casio-edifice-karora-ora-webshop-2\/","title":{"rendered":"Casio EFR-526L-1AVUEF EDIFICE"},"content":{"rendered":"<ul>\n<li><strong>Modell<\/strong>: EFR\u2011526L\u20111AVUEF (Edifice) \u2013 fekete sz\u00e1mlap, vil\u00e1g\u00edt\u00f3 (Neo-display), val\u00f3di b\u0151rsz\u00edj (fekete krok\u00f3dilmint\u00e1s), rozsdamentes ac\u00e9ltok<\/li>\n<li><strong>M\u00e9ret \u00e9s s\u00faly<\/strong>: tok\u00e1tm\u00e9r\u0151 kb. 43,8 mm, vastags\u00e1g ~11,6\u202fmm, s\u00faly k\u00f6r\u00fclbel\u00fcl 74\u202fg<\/li>\n<li><strong>Tok<\/strong>: teljes eg\u00e9sz\u00e9ben nemesac\u00e9l, csavarozott h\u00e1tlap\u00fa kivitel, k\u00e9nyelmes f\u00e9m-sz\u00edj helyett eleg\u00e1ns b\u0151rsz\u00edjjal szerelve<\/li>\n<li><strong>\u00dcveg<\/strong>: edzett \u00e1sv\u00e1nyi \u00fcveg (mineral glass) \u2013 j\u00f3 karc\u00e1ll\u00f3s\u00e1got biztos\u00edt<\/li>\n<li><strong>V\u00edz\u00e1ll\u00f3s\u00e1g<\/strong>: 10 bar \/ 100\u202fm \u2013 \u00fasz\u00e1sra haszn\u00e1lhat\u00f3, de b\u0151rsz\u00edj miatt \u00e9rdemes ker\u00fclni a hosszan tart\u00f3 v\u00edzhaszn\u00e1latot<\/li>\n<li><strong>Szerkezet<\/strong>: Casio quartz modul 5345, precisi\u00f3s kvarcmechanizmus SR920SW elemmel (~24 h\u00f3napos \u00e9lettartam),<\/li>\n<li><strong>Funkcionalit\u00e1s<\/strong>:<\/li>\n<li>1\/10\u202fm\u00e1sodperces stopper funkci\u00f3 ak\u00e1r 60 percig<\/li>\n<li>d\u00e1tumkijelz\u0151 3 \u00f3r\u00e1n\u00e1l<\/li>\n<li>Neo-display foszforeszk\u00e1l\u00f3 mutat\u00f3k \u00e9s indexek s\u00f6t\u00e9tben is j\u00f3l l\u00e1that\u00f3k<\/li>\n<\/ul>\n<p>&nbsp;<\/p>\n","protected":false},"excerpt":{"rendered":"<p>A <strong>Casio Edifice EFR\u2011526L\u20111AVUEF<\/strong> ide\u00e1lis eleg\u00e1ns sport\u00f3ra azok sz\u00e1m\u00e1ra, akik kedvelik a letisztult vintage\u2011st\u00edlust \u00e9s megb\u00edzhat\u00f3 funkci\u00f3kat. Fekete sz\u00e1mlapja, k\u00e9kes vil\u00e1g\u00edt\u00f3 mutat\u00f3i, stopper funkci\u00f3ja \u00e9s sz\u00e1mos pozit\u00edv visszajelz\u00e9se miatt kiv\u00e1l\u00f3 \u00e1r-\u00e9rt\u00e9k ar\u00e1ny\u00fa v\u00e1laszt\u00e1s.<\/p>\n","protected":false},"featured_media":327,"template":"","meta":[],"product_brand":[27],"product_cat":[15,31,20],"product_tag":[],"class_list":{"0":"post-324","1":"product","2":"type-product","3":"status-publish","4":"has-post-thumbnail","6":"product_brand-casio","7":"product_cat-egyeb","8":"product_cat-ferfi-orak","9":"product_cat-orak","11":"first","12":"instock","13":"shipping-taxable","14":"purchasable","15":"product-type-simple"},"yoast_head":"<!-- This site is optimized with the Yoast SEO plugin v26.0 - https:\/\/yoast.com\/wordpress\/plugins\/seo\/ -->\n<title>Casio EFR-526L-1AVUEF EDIFICE - \u00d3raAr\u00e9na.hu<\/title>\n<meta name=\"description\" content=\"Casio Edifice kar\u00f3ra sportos \u00e9s eleg\u00e1ns st\u00edlusban. V\u00e1s\u00e1rold meg online kedvez\u0151 \u00e1ron, gyors \u00e9s ingyenes sz\u00e1ll\u00edt\u00e1ssal saj\u00e1t rakt\u00e1runkb\u00f3l az \u00f3r\u00e1k szak\u00e9rt\u0151 webshopj\u00e1b\u00f3l.\" \/>\n<meta name=\"robots\" content=\"index, follow, max-snippet:-1, max-image-preview:large, max-video-preview:-1\" \/>\n<link rel=\"canonical\" href=\"https:\/\/oraarena.hu\/index.php\/termek\/casio-edifice-karora-ora-webshop-2\/\" \/>\n<meta property=\"og:locale\" content=\"hu_HU\" \/>\n<meta property=\"og:type\" content=\"article\" \/>\n<meta property=\"og:title\" content=\"Casio EFR-526L-1AVUEF EDIFICE - \u00d3raAr\u00e9na.hu\" \/>\n<meta property=\"og:description\" content=\"Casio Edifice kar\u00f3ra sportos \u00e9s eleg\u00e1ns st\u00edlusban. V\u00e1s\u00e1rold meg online kedvez\u0151 \u00e1ron, gyors \u00e9s ingyenes sz\u00e1ll\u00edt\u00e1ssal saj\u00e1t rakt\u00e1runkb\u00f3l az \u00f3r\u00e1k szak\u00e9rt\u0151 webshopj\u00e1b\u00f3l.\" \/>\n<meta property=\"og:url\" content=\"https:\/\/oraarena.hu\/index.php\/termek\/casio-edifice-karora-ora-webshop-2\/\" \/>\n<meta property=\"og:site_name\" content=\"\u00d3raAr\u00e9na.hu\" \/>\n<meta property=\"article:modified_time\" content=\"2025-08-29T15:18:50+00:00\" \/>\n<meta property=\"og:image\" content=\"http:\/\/oraarena.hu\/wp-content\/uploads\/2025\/08\/278437-12.jpg\" \/>\n\t<meta property=\"og:image:width\" content=\"557\" \/>\n\t<meta property=\"og:image:height\" content=\"557\" \/>\n\t<meta property=\"og:image:type\" content=\"image\/jpeg\" \/>\n<meta name=\"twitter:card\" content=\"summary_large_image\" \/>\n<meta name=\"twitter:label1\" content=\"Becs\u00fclt olvas\u00e1si id\u0151\" \/>\n\t<meta name=\"twitter:data1\" content=\"1 perc\" \/>\n<script type=\"application\/ld+json\" class=\"yoast-schema-graph\">{\"@context\":\"https:\/\/schema.org\",\"@graph\":[{\"@type\":\"WebPage\",\"@id\":\"https:\/\/oraarena.hu\/index.php\/termek\/casio-edifice-karora-ora-webshop-2\/\",\"url\":\"https:\/\/oraarena.hu\/index.php\/termek\/casio-edifice-karora-ora-webshop-2\/\",\"name\":\"Casio EFR-526L-1AVUEF EDIFICE - \u00d3raAr\u00e9na.hu\",\"isPartOf\":{\"@id\":\"https:\/\/oraarena.hu\/#website\"},\"primaryImageOfPage\":{\"@id\":\"https:\/\/oraarena.hu\/index.php\/termek\/casio-edifice-karora-ora-webshop-2\/#primaryimage\"},\"image\":{\"@id\":\"https:\/\/oraarena.hu\/index.php\/termek\/casio-edifice-karora-ora-webshop-2\/#primaryimage\"},\"thumbnailUrl\":\"https:\/\/oraarena.hu\/wp-content\/uploads\/2025\/08\/278437-12.jpg\",\"datePublished\":\"2025-08-08T19:06:24+00:00\",\"dateModified\":\"2025-08-29T15:18:50+00:00\",\"description\":\"Casio Edifice kar\u00f3ra sportos \u00e9s eleg\u00e1ns st\u00edlusban. V\u00e1s\u00e1rold meg online kedvez\u0151 \u00e1ron, gyors \u00e9s ingyenes sz\u00e1ll\u00edt\u00e1ssal saj\u00e1t rakt\u00e1runkb\u00f3l az \u00f3r\u00e1k szak\u00e9rt\u0151 webshopj\u00e1b\u00f3l.\",\"breadcrumb\":{\"@id\":\"https:\/\/oraarena.hu\/index.php\/termek\/casio-edifice-karora-ora-webshop-2\/#breadcrumb\"},\"inLanguage\":\"hu\",\"potentialAction\":[{\"@type\":\"ReadAction\",\"target\":[\"https:\/\/oraarena.hu\/index.php\/termek\/casio-edifice-karora-ora-webshop-2\/\"]}]},{\"@type\":\"ImageObject\",\"inLanguage\":\"hu\",\"@id\":\"https:\/\/oraarena.hu\/index.php\/termek\/casio-edifice-karora-ora-webshop-2\/#primaryimage\",\"url\":\"https:\/\/oraarena.hu\/wp-content\/uploads\/2025\/08\/278437-12.jpg\",\"contentUrl\":\"https:\/\/oraarena.hu\/wp-content\/uploads\/2025\/08\/278437-12.jpg\",\"width\":557,\"height\":557},{\"@type\":\"BreadcrumbList\",\"@id\":\"https:\/\/oraarena.hu\/index.php\/termek\/casio-edifice-karora-ora-webshop-2\/#breadcrumb\",\"itemListElement\":[{\"@type\":\"ListItem\",\"position\":1,\"name\":\"Kezd\u0151lap\",\"item\":\"https:\/\/oraarena.hu\/\"},{\"@type\":\"ListItem\",\"position\":2,\"name\":\"Shop\",\"item\":\"https:\/\/oraarena.hu\/index.php\/uzlet\/\"},{\"@type\":\"ListItem\",\"position\":3,\"name\":\"Casio EFR-526L-1AVUEF EDIFICE\"}]},{\"@type\":\"WebSite\",\"@id\":\"https:\/\/oraarena.hu\/#website\",\"url\":\"https:\/\/oraarena.hu\/\",\"name\":\"\u00d3raAr\u00e9na.hu\",\"description\":\"\u00d3raAar\u00e9na-Kar\u00f3r\u00e1k web\u00e1ruh\u00e1za \u2013 N\u0151i \u00e9s f\u00e9rfi \u00f3r\u00e1k\",\"publisher\":{\"@id\":\"https:\/\/oraarena.hu\/#organization\"},\"alternateName\":\"\u00d3raAr\u00e9na\",\"potentialAction\":[{\"@type\":\"SearchAction\",\"target\":{\"@type\":\"EntryPoint\",\"urlTemplate\":\"https:\/\/oraarena.hu\/?s={search_term_string}\"},\"query-input\":{\"@type\":\"PropertyValueSpecification\",\"valueRequired\":true,\"valueName\":\"search_term_string\"}}],\"inLanguage\":\"hu\"},{\"@type\":\"Organization\",\"@id\":\"https:\/\/oraarena.hu\/#organization\",\"name\":\"\u00d3raAr\u00e9na.hu\",\"url\":\"https:\/\/oraarena.hu\/\",\"logo\":{\"@type\":\"ImageObject\",\"inLanguage\":\"hu\",\"@id\":\"https:\/\/oraarena.hu\/#\/schema\/logo\/image\/\",\"url\":\"https:\/\/oraarena.hu\/wp-content\/uploads\/2025\/07\/logo_color.jpg\",\"contentUrl\":\"https:\/\/oraarena.hu\/wp-content\/uploads\/2025\/07\/logo_color.jpg\",\"width\":744,\"height\":495,\"caption\":\"\u00d3raAr\u00e9na.hu\"},\"image\":{\"@id\":\"https:\/\/oraarena.hu\/#\/schema\/logo\/image\/\"}}]}<\/script>\n<!-- \/ Yoast SEO plugin. -->","yoast_head_json":{"title":"Casio EFR-526L-1AVUEF EDIFICE - \u00d3raAr\u00e9na.hu","description":"Casio Edifice kar\u00f3ra sportos \u00e9s eleg\u00e1ns st\u00edlusban. V\u00e1s\u00e1rold meg online kedvez\u0151 \u00e1ron, gyors \u00e9s ingyenes sz\u00e1ll\u00edt\u00e1ssal saj\u00e1t rakt\u00e1runkb\u00f3l az \u00f3r\u00e1k szak\u00e9rt\u0151 webshopj\u00e1b\u00f3l.","robots":{"index":"index","follow":"follow","max-snippet":"max-snippet:-1","max-image-preview":"max-image-preview:large","max-video-preview":"max-video-preview:-1"},"canonical":"https:\/\/oraarena.hu\/index.php\/termek\/casio-edifice-karora-ora-webshop-2\/","og_locale":"hu_HU","og_type":"article","og_title":"Casio EFR-526L-1AVUEF EDIFICE - \u00d3raAr\u00e9na.hu","og_description":"Casio Edifice kar\u00f3ra sportos \u00e9s eleg\u00e1ns st\u00edlusban. V\u00e1s\u00e1rold meg online kedvez\u0151 \u00e1ron, gyors \u00e9s ingyenes sz\u00e1ll\u00edt\u00e1ssal saj\u00e1t rakt\u00e1runkb\u00f3l az \u00f3r\u00e1k szak\u00e9rt\u0151 webshopj\u00e1b\u00f3l.","og_url":"https:\/\/oraarena.hu\/index.php\/termek\/casio-edifice-karora-ora-webshop-2\/","og_site_name":"\u00d3raAr\u00e9na.hu","article_modified_time":"2025-08-29T15:18:50+00:00","og_image":[{"width":557,"height":557,"url":"http:\/\/oraarena.hu\/wp-content\/uploads\/2025\/08\/278437-12.jpg","type":"image\/jpeg"}],"twitter_card":"summary_large_image","twitter_misc":{"Becs\u00fclt olvas\u00e1si id\u0151":"1 perc"},"schema":{"@context":"https:\/\/schema.org","@graph":[{"@type":"WebPage","@id":"https:\/\/oraarena.hu\/index.php\/termek\/casio-edifice-karora-ora-webshop-2\/","url":"https:\/\/oraarena.hu\/index.php\/termek\/casio-edifice-karora-ora-webshop-2\/","name":"Casio EFR-526L-1AVUEF EDIFICE - \u00d3raAr\u00e9na.hu","isPartOf":{"@id":"https:\/\/oraarena.hu\/#website"},"primaryImageOfPage":{"@id":"https:\/\/oraarena.hu\/index.php\/termek\/casio-edifice-karora-ora-webshop-2\/#primaryimage"},"image":{"@id":"https:\/\/oraarena.hu\/index.php\/termek\/casio-edifice-karora-ora-webshop-2\/#primaryimage"},"thumbnailUrl":"https:\/\/oraarena.hu\/wp-content\/uploads\/2025\/08\/278437-12.jpg","datePublished":"2025-08-08T19:06:24+00:00","dateModified":"2025-08-29T15:18:50+00:00","description":"Casio Edifice kar\u00f3ra sportos \u00e9s eleg\u00e1ns st\u00edlusban. V\u00e1s\u00e1rold meg online kedvez\u0151 \u00e1ron, gyors \u00e9s ingyenes sz\u00e1ll\u00edt\u00e1ssal saj\u00e1t rakt\u00e1runkb\u00f3l az \u00f3r\u00e1k szak\u00e9rt\u0151 webshopj\u00e1b\u00f3l.","breadcrumb":{"@id":"https:\/\/oraarena.hu\/index.php\/termek\/casio-edifice-karora-ora-webshop-2\/#breadcrumb"},"inLanguage":"hu","potentialAction":[{"@type":"ReadAction","target":["https:\/\/oraarena.hu\/index.php\/termek\/casio-edifice-karora-ora-webshop-2\/"]}]},{"@type":"ImageObject","inLanguage":"hu","@id":"https:\/\/oraarena.hu\/index.php\/termek\/casio-edifice-karora-ora-webshop-2\/#primaryimage","url":"https:\/\/oraarena.hu\/wp-content\/uploads\/2025\/08\/278437-12.jpg","contentUrl":"https:\/\/oraarena.hu\/wp-content\/uploads\/2025\/08\/278437-12.jpg","width":557,"height":557},{"@type":"BreadcrumbList","@id":"https:\/\/oraarena.hu\/index.php\/termek\/casio-edifice-karora-ora-webshop-2\/#breadcrumb","itemListElement":[{"@type":"ListItem","position":1,"name":"Kezd\u0151lap","item":"https:\/\/oraarena.hu\/"},{"@type":"ListItem","position":2,"name":"Shop","item":"https:\/\/oraarena.hu\/index.php\/uzlet\/"},{"@type":"ListItem","position":3,"name":"Casio EFR-526L-1AVUEF EDIFICE"}]},{"@type":"WebSite","@id":"https:\/\/oraarena.hu\/#website","url":"https:\/\/oraarena.hu\/","name":"\u00d3raAr\u00e9na.hu","description":"\u00d3raAar\u00e9na-Kar\u00f3r\u00e1k web\u00e1ruh\u00e1za \u2013 N\u0151i \u00e9s f\u00e9rfi \u00f3r\u00e1k","publisher":{"@id":"https:\/\/oraarena.hu\/#organization"},"alternateName":"\u00d3raAr\u00e9na","potentialAction":[{"@type":"SearchAction","target":{"@type":"EntryPoint","urlTemplate":"https:\/\/oraarena.hu\/?s={search_term_string}"},"query-input":{"@type":"PropertyValueSpecification","valueRequired":true,"valueName":"search_term_string"}}],"inLanguage":"hu"},{"@type":"Organization","@id":"https:\/\/oraarena.hu\/#organization","name":"\u00d3raAr\u00e9na.hu","url":"https:\/\/oraarena.hu\/","logo":{"@type":"ImageObject","inLanguage":"hu","@id":"https:\/\/oraarena.hu\/#\/schema\/logo\/image\/","url":"https:\/\/oraarena.hu\/wp-content\/uploads\/2025\/07\/logo_color.jpg","contentUrl":"https:\/\/oraarena.hu\/wp-content\/uploads\/2025\/07\/logo_color.jpg","width":744,"height":495,"caption":"\u00d3raAr\u00e9na.hu"},"image":{"@id":"https:\/\/oraarena.hu\/#\/schema\/logo\/image\/"}}]}},"_links":{"self":[{"href":"https:\/\/oraarena.hu\/index.php\/wp-json\/wp\/v2\/product\/324","targetHints":{"allow":["GET"]}}],"collection":[{"href":"https:\/\/oraarena.hu\/index.php\/wp-json\/wp\/v2\/product"}],"about":[{"href":"https:\/\/oraarena.hu\/index.php\/wp-json\/wp\/v2\/types\/product"}],"wp:featuredmedia":[{"embeddable":true,"href":"https:\/\/oraarena.hu\/index.php\/wp-json\/wp\/v2\/media\/327"}],"wp:attachment":[{"href":"https:\/\/oraarena.hu\/index.php\/wp-json\/wp\/v2\/media?parent=324"}],"wp:term":[{"taxonomy":"product_brand","embeddable":true,"href":"https:\/\/oraarena.hu\/index.php\/wp-json\/wp\/v2\/product_brand?post=324"},{"taxonomy":"product_cat","embeddable":true,"href":"https:\/\/oraarena.hu\/index.php\/wp-json\/wp\/v2\/product_cat?post=324"},{"taxonomy":"product_tag","embeddable":true,"href":"https:\/\/oraarena.hu\/index.php\/wp-json\/wp\/v2\/product_tag?post=324"}],"curies":[{"name":"wp","href":"https:\/\/api.w.org\/{rel}","templated":true}]}}