{"id":223,"date":"2025-07-22T13:24:08","date_gmt":"2025-07-22T11:24:08","guid":{"rendered":"https:\/\/oraarena.hu\/?post_type=product&#038;p=223"},"modified":"2025-09-06T08:25:25","modified_gmt":"2025-09-06T06:25:25","slug":"hugo-boss-karora-ora-webshop-online","status":"publish","type":"product","link":"https:\/\/oraarena.hu\/index.php\/termek\/hugo-boss-karora-ora-webshop-online\/","title":{"rendered":"Hugo Boss  Pioneer 1513868"},"content":{"rendered":"<p><strong><span dir=\"auto\" style=\"vertical-align: inherit;\"><span dir=\"auto\" style=\"vertical-align: inherit;\">Modell<\/span><\/span><\/strong><span dir=\"auto\" style=\"vertical-align: inherit;\"><span dir=\"auto\" style=\"vertical-align: inherit;\"> : Hugo Boss Pioneer (1513868)<\/span><\/span><\/p>\n<p><strong>Nem<\/strong>: F\u00e9rfi, sportos-eleg\u00e1ns<\/p>\n<p><strong>Mozg\u00e1s<\/strong>: Prec\u00edz quartz szerkezet, (Seiko VD53) \u00a024\u202fh, 60\u202fperc, \u00e9s stopper funkci\u00f3<\/p>\n<p><strong>Tok\u00e1tm\u00e9r\u0151<\/strong>: 44\u202fmm; <strong>vastags\u00e1g<\/strong>: 11\u202fmm<\/p>\n<p><strong>Tok \u00e9s sz\u00edj<\/strong>: Ez\u00fcst sz\u00edn\u0171 rozsdamentes ac\u00e9l, pol\u00edrozott\/sz\u00e1lcsiszolt fel\u00fcletekkel<\/p>\n<p><strong>Sz\u00edj sz\u00e9less\u00e9g:<\/strong> 22mm, daployant csattal (push-button)<\/p>\n<p><strong>\u00dcveg<\/strong>: Edzett \u00e1sv\u00e1nyi krist\u00e1ly<\/p>\n<p><strong>Sz\u00e1mlap<\/strong>: Z\u00f6ld sunburst hat\u00e1s\u00fa, arany vagy ez\u00fcst lumineszcens indexekkel \u00e9s mutat\u00f3kkal<\/p>\n<p><strong>Kronogr\u00e1f<\/strong>: 24\u202f\u00f3ra, k\u00fcl\u00f6n m\u00e1sodperc-\u00f3ra \u00e9s 60\u202fperces stopper seg\u00e9dsz\u00e1mlapokkal<\/p>\n<p><strong>D\u00e1tum<\/strong>: Ablak a 4:30 poz\u00edci\u00f3n\u00e1l<\/p>\n<p><strong>V\u00edz\u00e1ll\u00f3s\u00e1g<\/strong>: 5\u202fATM (50\u202fm)<\/p>\n<p><strong>Sz\u00edj<\/strong>: 22\u202fmm sz\u00e9les ac\u00e9l sz\u00edj \u2013 ez\u00fcst, deployant csattal \u00e9s biztons\u00e1gi nyom\u00f3gombbal<\/p>\n<p><strong>S\u00faly<\/strong>: kb.\u202f150\u2013153\u202fg<\/p>\n<p>&nbsp;<\/p>\n","protected":false},"excerpt":{"rendered":"<p>A <strong>Hugo\u202fBoss Pioneer 1513868<\/strong> egy felt\u0171n\u0151, z\u00f6ld sz\u00e1mlapos, 44\u202fmm-es ac\u00e9l kronogr\u00e1f eleg\u00e1ns-z\u00f6ld diz\u00e1jnnal. Prec\u00edz Seiko quartz szerkezettel, 5 ATM v\u00edz\u00e1ll\u00f3s\u00e1ggal, \u00e1sv\u00e1nyi \u00fcveggel<\/p>\n","protected":false},"featured_media":281,"template":"","meta":[],"product_brand":[25],"product_cat":[15,31,20],"product_tag":[],"class_list":{"0":"post-223","1":"product","2":"type-product","3":"status-publish","4":"has-post-thumbnail","6":"product_brand-hugo","7":"product_cat-egyeb","8":"product_cat-ferfi-orak","9":"product_cat-orak","11":"first","12":"instock","13":"sale","14":"shipping-taxable","15":"purchasable","16":"product-type-simple"},"yoast_head":"<!-- This site is optimized with the Yoast SEO plugin v26.0 - https:\/\/yoast.com\/wordpress\/plugins\/seo\/ -->\n<title>Hugo Boss Pioneer 1513868 - \u00d3raAr\u00e9na.hu<\/title>\n<meta name=\"description\" content=\"Hugo Boss kar\u00f3ra sportos \u00e9s eleg\u00e1ns st\u00edlusban. V\u00e1s\u00e1rold meg online kedvez\u0151 \u00e1ron, gyors \u00e9s ingyenes sz\u00e1ll\u00edt\u00e1ssal saj\u00e1t rakt\u00e1runkb\u00f3l az \u00f3r\u00e1k szak\u00e9rt\u0151 webshopj\u00e1b\u00f3l.\" \/>\n<meta name=\"robots\" content=\"index, follow, max-snippet:-1, max-image-preview:large, max-video-preview:-1\" \/>\n<link rel=\"canonical\" href=\"https:\/\/oraarena.hu\/index.php\/termek\/hugo-boss-karora-ora-webshop-online\/\" \/>\n<meta property=\"og:locale\" content=\"hu_HU\" \/>\n<meta property=\"og:type\" content=\"article\" \/>\n<meta property=\"og:title\" content=\"Hugo Boss Pioneer 1513868 - \u00d3raAr\u00e9na.hu\" \/>\n<meta property=\"og:description\" content=\"Hugo Boss kar\u00f3ra sportos \u00e9s eleg\u00e1ns st\u00edlusban. V\u00e1s\u00e1rold meg online kedvez\u0151 \u00e1ron, gyors \u00e9s ingyenes sz\u00e1ll\u00edt\u00e1ssal saj\u00e1t rakt\u00e1runkb\u00f3l az \u00f3r\u00e1k szak\u00e9rt\u0151 webshopj\u00e1b\u00f3l.\" \/>\n<meta property=\"og:url\" content=\"https:\/\/oraarena.hu\/index.php\/termek\/hugo-boss-karora-ora-webshop-online\/\" \/>\n<meta property=\"og:site_name\" content=\"\u00d3raAr\u00e9na.hu\" \/>\n<meta property=\"article:modified_time\" content=\"2025-09-06T06:25:25+00:00\" \/>\n<meta property=\"og:image\" content=\"http:\/\/oraarena.hu\/wp-content\/uploads\/2025\/07\/Nevtelen-1-scaled.jpg\" \/>\n\t<meta property=\"og:image:width\" content=\"2560\" \/>\n\t<meta property=\"og:image:height\" content=\"2560\" \/>\n\t<meta property=\"og:image:type\" content=\"image\/jpeg\" \/>\n<meta name=\"twitter:card\" content=\"summary_large_image\" \/>\n<meta name=\"twitter:label1\" content=\"Becs\u00fclt olvas\u00e1si id\u0151\" \/>\n\t<meta name=\"twitter:data1\" content=\"1 perc\" \/>\n<script type=\"application\/ld+json\" class=\"yoast-schema-graph\">{\"@context\":\"https:\/\/schema.org\",\"@graph\":[{\"@type\":\"WebPage\",\"@id\":\"https:\/\/oraarena.hu\/index.php\/termek\/hugo-boss-karora-ora-webshop-online\/\",\"url\":\"https:\/\/oraarena.hu\/index.php\/termek\/hugo-boss-karora-ora-webshop-online\/\",\"name\":\"Hugo Boss Pioneer 1513868 - \u00d3raAr\u00e9na.hu\",\"isPartOf\":{\"@id\":\"https:\/\/oraarena.hu\/#website\"},\"primaryImageOfPage\":{\"@id\":\"https:\/\/oraarena.hu\/index.php\/termek\/hugo-boss-karora-ora-webshop-online\/#primaryimage\"},\"image\":{\"@id\":\"https:\/\/oraarena.hu\/index.php\/termek\/hugo-boss-karora-ora-webshop-online\/#primaryimage\"},\"thumbnailUrl\":\"https:\/\/oraarena.hu\/wp-content\/uploads\/2025\/07\/Nevtelen-1-scaled.jpg\",\"datePublished\":\"2025-07-22T11:24:08+00:00\",\"dateModified\":\"2025-09-06T06:25:25+00:00\",\"description\":\"Hugo Boss kar\u00f3ra sportos \u00e9s eleg\u00e1ns st\u00edlusban. V\u00e1s\u00e1rold meg online kedvez\u0151 \u00e1ron, gyors \u00e9s ingyenes sz\u00e1ll\u00edt\u00e1ssal saj\u00e1t rakt\u00e1runkb\u00f3l az \u00f3r\u00e1k szak\u00e9rt\u0151 webshopj\u00e1b\u00f3l.\",\"breadcrumb\":{\"@id\":\"https:\/\/oraarena.hu\/index.php\/termek\/hugo-boss-karora-ora-webshop-online\/#breadcrumb\"},\"inLanguage\":\"hu\",\"potentialAction\":[{\"@type\":\"ReadAction\",\"target\":[\"https:\/\/oraarena.hu\/index.php\/termek\/hugo-boss-karora-ora-webshop-online\/\"]}]},{\"@type\":\"ImageObject\",\"inLanguage\":\"hu\",\"@id\":\"https:\/\/oraarena.hu\/index.php\/termek\/hugo-boss-karora-ora-webshop-online\/#primaryimage\",\"url\":\"https:\/\/oraarena.hu\/wp-content\/uploads\/2025\/07\/Nevtelen-1-scaled.jpg\",\"contentUrl\":\"https:\/\/oraarena.hu\/wp-content\/uploads\/2025\/07\/Nevtelen-1-scaled.jpg\",\"width\":2560,\"height\":2560},{\"@type\":\"BreadcrumbList\",\"@id\":\"https:\/\/oraarena.hu\/index.php\/termek\/hugo-boss-karora-ora-webshop-online\/#breadcrumb\",\"itemListElement\":[{\"@type\":\"ListItem\",\"position\":1,\"name\":\"Kezd\u0151lap\",\"item\":\"https:\/\/oraarena.hu\/\"},{\"@type\":\"ListItem\",\"position\":2,\"name\":\"Shop\",\"item\":\"https:\/\/oraarena.hu\/index.php\/uzlet\/\"},{\"@type\":\"ListItem\",\"position\":3,\"name\":\"Hugo Boss Pioneer 1513868\"}]},{\"@type\":\"WebSite\",\"@id\":\"https:\/\/oraarena.hu\/#website\",\"url\":\"https:\/\/oraarena.hu\/\",\"name\":\"\u00d3raAr\u00e9na.hu\",\"description\":\"\u00d3raAar\u00e9na-Kar\u00f3r\u00e1k web\u00e1ruh\u00e1za \u2013 N\u0151i \u00e9s f\u00e9rfi \u00f3r\u00e1k\",\"publisher\":{\"@id\":\"https:\/\/oraarena.hu\/#organization\"},\"alternateName\":\"\u00d3raAr\u00e9na\",\"potentialAction\":[{\"@type\":\"SearchAction\",\"target\":{\"@type\":\"EntryPoint\",\"urlTemplate\":\"https:\/\/oraarena.hu\/?s={search_term_string}\"},\"query-input\":{\"@type\":\"PropertyValueSpecification\",\"valueRequired\":true,\"valueName\":\"search_term_string\"}}],\"inLanguage\":\"hu\"},{\"@type\":\"Organization\",\"@id\":\"https:\/\/oraarena.hu\/#organization\",\"name\":\"\u00d3raAr\u00e9na.hu\",\"url\":\"https:\/\/oraarena.hu\/\",\"logo\":{\"@type\":\"ImageObject\",\"inLanguage\":\"hu\",\"@id\":\"https:\/\/oraarena.hu\/#\/schema\/logo\/image\/\",\"url\":\"https:\/\/oraarena.hu\/wp-content\/uploads\/2025\/07\/logo_color.jpg\",\"contentUrl\":\"https:\/\/oraarena.hu\/wp-content\/uploads\/2025\/07\/logo_color.jpg\",\"width\":744,\"height\":495,\"caption\":\"\u00d3raAr\u00e9na.hu\"},\"image\":{\"@id\":\"https:\/\/oraarena.hu\/#\/schema\/logo\/image\/\"}}]}<\/script>\n<!-- \/ Yoast SEO plugin. -->","yoast_head_json":{"title":"Hugo Boss Pioneer 1513868 - \u00d3raAr\u00e9na.hu","description":"Hugo Boss kar\u00f3ra sportos \u00e9s eleg\u00e1ns st\u00edlusban. V\u00e1s\u00e1rold meg online kedvez\u0151 \u00e1ron, gyors \u00e9s ingyenes sz\u00e1ll\u00edt\u00e1ssal saj\u00e1t rakt\u00e1runkb\u00f3l az \u00f3r\u00e1k szak\u00e9rt\u0151 webshopj\u00e1b\u00f3l.","robots":{"index":"index","follow":"follow","max-snippet":"max-snippet:-1","max-image-preview":"max-image-preview:large","max-video-preview":"max-video-preview:-1"},"canonical":"https:\/\/oraarena.hu\/index.php\/termek\/hugo-boss-karora-ora-webshop-online\/","og_locale":"hu_HU","og_type":"article","og_title":"Hugo Boss Pioneer 1513868 - \u00d3raAr\u00e9na.hu","og_description":"Hugo Boss kar\u00f3ra sportos \u00e9s eleg\u00e1ns st\u00edlusban. V\u00e1s\u00e1rold meg online kedvez\u0151 \u00e1ron, gyors \u00e9s ingyenes sz\u00e1ll\u00edt\u00e1ssal saj\u00e1t rakt\u00e1runkb\u00f3l az \u00f3r\u00e1k szak\u00e9rt\u0151 webshopj\u00e1b\u00f3l.","og_url":"https:\/\/oraarena.hu\/index.php\/termek\/hugo-boss-karora-ora-webshop-online\/","og_site_name":"\u00d3raAr\u00e9na.hu","article_modified_time":"2025-09-06T06:25:25+00:00","og_image":[{"width":2560,"height":2560,"url":"http:\/\/oraarena.hu\/wp-content\/uploads\/2025\/07\/Nevtelen-1-scaled.jpg","type":"image\/jpeg"}],"twitter_card":"summary_large_image","twitter_misc":{"Becs\u00fclt olvas\u00e1si id\u0151":"1 perc"},"schema":{"@context":"https:\/\/schema.org","@graph":[{"@type":"WebPage","@id":"https:\/\/oraarena.hu\/index.php\/termek\/hugo-boss-karora-ora-webshop-online\/","url":"https:\/\/oraarena.hu\/index.php\/termek\/hugo-boss-karora-ora-webshop-online\/","name":"Hugo Boss Pioneer 1513868 - \u00d3raAr\u00e9na.hu","isPartOf":{"@id":"https:\/\/oraarena.hu\/#website"},"primaryImageOfPage":{"@id":"https:\/\/oraarena.hu\/index.php\/termek\/hugo-boss-karora-ora-webshop-online\/#primaryimage"},"image":{"@id":"https:\/\/oraarena.hu\/index.php\/termek\/hugo-boss-karora-ora-webshop-online\/#primaryimage"},"thumbnailUrl":"https:\/\/oraarena.hu\/wp-content\/uploads\/2025\/07\/Nevtelen-1-scaled.jpg","datePublished":"2025-07-22T11:24:08+00:00","dateModified":"2025-09-06T06:25:25+00:00","description":"Hugo Boss kar\u00f3ra sportos \u00e9s eleg\u00e1ns st\u00edlusban. V\u00e1s\u00e1rold meg online kedvez\u0151 \u00e1ron, gyors \u00e9s ingyenes sz\u00e1ll\u00edt\u00e1ssal saj\u00e1t rakt\u00e1runkb\u00f3l az \u00f3r\u00e1k szak\u00e9rt\u0151 webshopj\u00e1b\u00f3l.","breadcrumb":{"@id":"https:\/\/oraarena.hu\/index.php\/termek\/hugo-boss-karora-ora-webshop-online\/#breadcrumb"},"inLanguage":"hu","potentialAction":[{"@type":"ReadAction","target":["https:\/\/oraarena.hu\/index.php\/termek\/hugo-boss-karora-ora-webshop-online\/"]}]},{"@type":"ImageObject","inLanguage":"hu","@id":"https:\/\/oraarena.hu\/index.php\/termek\/hugo-boss-karora-ora-webshop-online\/#primaryimage","url":"https:\/\/oraarena.hu\/wp-content\/uploads\/2025\/07\/Nevtelen-1-scaled.jpg","contentUrl":"https:\/\/oraarena.hu\/wp-content\/uploads\/2025\/07\/Nevtelen-1-scaled.jpg","width":2560,"height":2560},{"@type":"BreadcrumbList","@id":"https:\/\/oraarena.hu\/index.php\/termek\/hugo-boss-karora-ora-webshop-online\/#breadcrumb","itemListElement":[{"@type":"ListItem","position":1,"name":"Kezd\u0151lap","item":"https:\/\/oraarena.hu\/"},{"@type":"ListItem","position":2,"name":"Shop","item":"https:\/\/oraarena.hu\/index.php\/uzlet\/"},{"@type":"ListItem","position":3,"name":"Hugo Boss Pioneer 1513868"}]},{"@type":"WebSite","@id":"https:\/\/oraarena.hu\/#website","url":"https:\/\/oraarena.hu\/","name":"\u00d3raAr\u00e9na.hu","description":"\u00d3raAar\u00e9na-Kar\u00f3r\u00e1k web\u00e1ruh\u00e1za \u2013 N\u0151i \u00e9s f\u00e9rfi \u00f3r\u00e1k","publisher":{"@id":"https:\/\/oraarena.hu\/#organization"},"alternateName":"\u00d3raAr\u00e9na","potentialAction":[{"@type":"SearchAction","target":{"@type":"EntryPoint","urlTemplate":"https:\/\/oraarena.hu\/?s={search_term_string}"},"query-input":{"@type":"PropertyValueSpecification","valueRequired":true,"valueName":"search_term_string"}}],"inLanguage":"hu"},{"@type":"Organization","@id":"https:\/\/oraarena.hu\/#organization","name":"\u00d3raAr\u00e9na.hu","url":"https:\/\/oraarena.hu\/","logo":{"@type":"ImageObject","inLanguage":"hu","@id":"https:\/\/oraarena.hu\/#\/schema\/logo\/image\/","url":"https:\/\/oraarena.hu\/wp-content\/uploads\/2025\/07\/logo_color.jpg","contentUrl":"https:\/\/oraarena.hu\/wp-content\/uploads\/2025\/07\/logo_color.jpg","width":744,"height":495,"caption":"\u00d3raAr\u00e9na.hu"},"image":{"@id":"https:\/\/oraarena.hu\/#\/schema\/logo\/image\/"}}]}},"_links":{"self":[{"href":"https:\/\/oraarena.hu\/index.php\/wp-json\/wp\/v2\/product\/223","targetHints":{"allow":["GET"]}}],"collection":[{"href":"https:\/\/oraarena.hu\/index.php\/wp-json\/wp\/v2\/product"}],"about":[{"href":"https:\/\/oraarena.hu\/index.php\/wp-json\/wp\/v2\/types\/product"}],"wp:featuredmedia":[{"embeddable":true,"href":"https:\/\/oraarena.hu\/index.php\/wp-json\/wp\/v2\/media\/281"}],"wp:attachment":[{"href":"https:\/\/oraarena.hu\/index.php\/wp-json\/wp\/v2\/media?parent=223"}],"wp:term":[{"taxonomy":"product_brand","embeddable":true,"href":"https:\/\/oraarena.hu\/index.php\/wp-json\/wp\/v2\/product_brand?post=223"},{"taxonomy":"product_cat","embeddable":true,"href":"https:\/\/oraarena.hu\/index.php\/wp-json\/wp\/v2\/product_cat?post=223"},{"taxonomy":"product_tag","embeddable":true,"href":"https:\/\/oraarena.hu\/index.php\/wp-json\/wp\/v2\/product_tag?post=223"}],"curies":[{"name":"wp","href":"https:\/\/api.w.org\/{rel}","templated":true}]}}